{"id":8215,"date":"2022-01-07T18:00:53","date_gmt":"2022-01-07T17:00:53","guid":{"rendered":"https:\/\/pharos.sk\/?page_id=8215"},"modified":"2022-01-20T10:36:45","modified_gmt":"2022-01-20T09:36:45","slug":"ce-certifikaty","status":"publish","type":"page","link":"https:\/\/pharos.sk\/hu\/ce-certifikaty\/","title":{"rendered":"CE tan\u00fas\u00edtv\u00e1nyok"},"content":{"rendered":"<div class=\"vc_row wpb_row vc_row-fluid\"><div class=\"wpb_column vc_column_container vc_col-sm-8\"><div class=\"vc_column-inner\"><div class=\"wpb_wrapper\">\n\t<div class=\"wpb_text_column wpb_content_element\" >\n\t\t<div class=\"wpb_wrapper\">\n\t\t\t<p>T\u00e1rsas\u00e1gunk egy olyan partnerc\u00e9ggel egy\u00fcttm\u0171k\u00f6dve k\u00f6zvet\u00edt, amely a 94\/25\/EK eur\u00f3pai ir\u00e1nyelv szerint a kedvtel\u00e9si c\u00e9l\u00fa v\u00edzi j\u00e1rm\u0171vek megfelel\u0151s\u00e9g\u00e9rt\u00e9kel\u00e9s\u00e9re bejelentett \u00e9s felhatalmazott szervezet, \u00edgy jogosult a CE jel\u00f6l\u00e9st minden t\u00edpus\u00fa kedvtel\u00e9si c\u00e9l\u00fa v\u00edzi j\u00e1rm\u0171re &quot;megadni&quot;. 2,5 m-t\u0151l 24 m-ig, motoros v\u00edzi j\u00e1rm\u0171vek, r\u00e9szben konfekcion\u00e1lt haj\u00f3k, ezek alkatr\u00e9szei, mint a bels\u0151 vagy k\u00fcls\u0151 motorok, \u00fczemanyagtart\u00e1lyok \u00e9s -t\u00f6ml\u0151k, korm\u00e1nym\u0171 \u00e9s el\u0151re gy\u00e1rtott akn\u00e1k \u00e9s ablakok.<\/p>\n\n\t\t<\/div>\n\t<\/div>\n<\/div><\/div><\/div><div class=\"wpb_column vc_column_container vc_col-sm-4\"><div class=\"vc_column-inner\"><div class=\"wpb_wrapper\"><\/div><\/div><\/div><\/div>","protected":false},"excerpt":{"rendered":"T\u00e1rsas\u00e1gunk egy olyan partnerc\u00e9ggel egy\u00fcttm\u0171k\u00f6dve k\u00f6zvet\u00edt, amely a 94\/25\/EK eur\u00f3pai ir\u00e1nyelv szerint a kedvtel\u00e9si c\u00e9l\u00fa v\u00edzi j\u00e1rm\u0171vek megfelel\u0151s\u00e9g\u00e9rt\u00e9kel\u00e9s\u00e9re bejelentett \u00e9s felhatalmazott szervezet, \u00edgy jogosult a CE jel\u00f6l\u00e9st minden t\u00edpus\u00fa kedvtel\u00e9si c\u00e9l\u00fa v\u00edzi j\u00e1rm\u0171re &quot;megadni&quot;. 2,5 m-t\u0151l 24 m-ig, motoros v\u00edzi j\u00e1rm\u0171vek, r\u00e9szben konfekcion\u00e1lt haj\u00f3k, ezek alkatr\u00e9szei, mint a bels\u0151 vagy k\u00fcls\u0151 motorok, \u00fczemanyagtart\u00e1lyok \u00e9s -t\u00f6ml\u0151k, korm\u00e1nym\u0171 \u00e9s el\u0151re gy\u00e1rtott akn\u00e1k \u00e9s ablakok.","protected":false},"author":1,"featured_media":0,"parent":0,"menu_order":0,"comment_status":"closed","ping_status":"closed","template":"page-templates\/full-width.php","meta":[],"_links":{"self":[{"href":"https:\/\/pharos.sk\/hu\/wp-json\/wp\/v2\/pages\/8215"}],"collection":[{"href":"https:\/\/pharos.sk\/hu\/wp-json\/wp\/v2\/pages"}],"about":[{"href":"https:\/\/pharos.sk\/hu\/wp-json\/wp\/v2\/types\/page"}],"author":[{"embeddable":true,"href":"https:\/\/pharos.sk\/hu\/wp-json\/wp\/v2\/users\/1"}],"replies":[{"embeddable":true,"href":"https:\/\/pharos.sk\/hu\/wp-json\/wp\/v2\/comments?post=8215"}],"version-history":[{"count":0,"href":"https:\/\/pharos.sk\/hu\/wp-json\/wp\/v2\/pages\/8215\/revisions"}],"wp:attachment":[{"href":"https:\/\/pharos.sk\/hu\/wp-json\/wp\/v2\/media?parent=8215"}],"curies":[{"name":"wp","href":"https:\/\/api.w.org\/{rel}","templated":true}]}}

CE tanúsítványok

<div class="vc_row wpb_row vc_row-fluid"><div class="wpb_column vc_column_container vc_col-sm-8"><div class="vc_column-inner"><div class="wpb_wrapper">
	<div class="wpb_text_column wpb_content_element" >
		<div class="wpb_wrapper">
			<p>Társaságunk egy olyan partnercéggel együttműködve közvetít, amely a 94/25/EK európai irányelv szerint a kedvtelési célú vízi járművek megfelelőségértékelésére bejelentett és felhatalmazott szervezet, így jogosult a CE jelölést minden típusú kedvtelési célú vízi járműre &quot;megadni&quot;. 2,5 m-től 24 m-ig, motoros vízi járművek, részben konfekcionált hajók, ezek alkatrészei, mint a belső vagy külső motorok, üzemanyagtartályok és -tömlők, kormánymű és előre gyártott aknák és ablakok.</p>

		</div>
	</div>
</div></div></div><div class="wpb_column vc_column_container vc_col-sm-4"><div class="vc_column-inner"><div class="wpb_wrapper"></div></div></div></div>

Társaságunk egy olyan partnercéggel együttműködve közvetít, amely a 94/25/EK európai irányelv szerint a kedvtelési célú vízi járművek megfelelőségértékelésére bejelentett és felhatalmazott szervezet, így jogosult a CE jelölést minden típusú kedvtelési célú vízi járműre &quot;megadni&quot;. 2,5 m-től 24 m-ig, motoros vízi járművek, részben konfekcionált hajók, ezek alkatrészei, mint a belső vagy külső motorok, üzemanyagtartályok és -tömlők, kormánymű és előre gyártott aknák és ablakok.
